rime factors of 2928759240?
2, 3, 5, 11, 43, 51599
List the prime factors of 285969076.
2, 19, 881, 4271
List the prime factors of 86579651.
86579651
What are the prime factors of 600837829?
827, 726527
What are the prime factors of 16379992?
2, 41, 49939
List the prime factors of 30215005.
5, 6043001
What are the prime factors of 11454770?
2, 5, 17, 43, 1567
List the prime factors of 10022468.
2, 47, 89, 599
What are the prime factors of 765268755?
3, 5, 151, 337867
What are the prime factors of 961007700?
2, 3, 5, 3203359
What are the prime factors of 2593515628?
2, 11, 59, 999043
List the prime factors of 531064762.
2, 29, 347, 26387
List the prime factors of 327299488.
2, 31, 43, 7673
List the prime factors of 4611087976.
2, 11, 52398727
List the prime factors of 2179341396.
2, 3, 4177, 4831
List the prime factors of 49806006.
2, 3, 271, 30631
List the prime factors of 554334207.
3, 7, 1277, 2953
What are the prime factors of 291563686?
2, 23, 1013, 6257
What are the prime factors of 2964573208?
2, 239, 1550509
What are the prime factors of 319811840?
2, 5, 249853
What are the prime factors of 186179772?
2, 3, 2939, 5279
What are the prime factors of 546960809?
19, 1277, 22543
List the prime factors of 111685160.
2, 5, 47, 59407
List the prime factors of 334662920.
2, 5, 8366573
What are the prime factors of 108943055?
5, 13, 17, 19, 5189
List the prime factors of 872550930.
2, 3, 5, 41, 311, 2281
List the prime factors of 295555997.
11, 101, 266027
List the prime factors of 100534468.
2, 1117, 22501
What are the prime factors of 307104839?
43, 7141973
What are the prime factors of 2038546217?
1999, 1019783
List the prime factors of 498109132.
2, 7043, 17681
List the prime factors of 1805764280.
2, 5, 37, 251, 4861
List the prime factors of 2210895482.
2, 43, 25708087
What are the prime factors of 31507742?
2, 7, 191, 11783
List the prime factors of 651343612.
2, 3557, 45779
What are the prime factors of 476912206?
2, 113, 179, 11789
What are the prime factors of 513662386?
2, 463, 554711
List the prime factors of 334544750.
2, 5, 37, 59, 613
List the prime factors of 45982262.
2, 47, 73, 6701
What are the prime factors of 57292972?
2, 11, 263, 4951
List the prime factors of 442467164.
2, 37, 311, 9613
What are the prime factors of 206734002?
2, 3, 61, 211, 2677
What are the prime factors of 359749974?
2, 3, 197, 304357
What are the prime factors of 52236171?
3, 13, 113, 439
What are the prime factors of 43337438?
2, 1889, 11471
List the prime factors of 33856686.
2, 3, 97, 19391
What are the prime factors of 1427997798?
2, 3, 269, 294919
List the prime factors of 1496119747.
709, 2110183
What are the prime factors of 623918347?
13, 43, 1116133
List the prime factors of 113789997.
3, 29, 43, 10139
What are the prime factors of 1779844372?
2, 1549, 287257
List the prime factors of 136374183.
3, 11, 1377517
List the prime factors of 1823047197.
3, 97, 1327, 4721
List the prime factors of 1104756.
2, 3, 43, 2141
List the prime factors of 34931034.
2, 3, 37, 17483
List the prime factors of 20721185.
5, 4144237
List the prime factors of 187736986.
2, 19, 4940447
List the prime factors of 186666172.
2, 7, 11, 606059
List the prime factors of 2648673653.
7583, 349291
What are the prime factors of 29441054?
2, 14720527
What are the prime factors of 854713305?
3, 5, 67, 283487
List the prime factors of 172134641.
7, 24590663
What are the prime factors of 205372507?
205372507
List the prime factors of 291937810.
2, 5, 29193781
What are the prime factors of 970267981?
8123, 119447
What are the prime factors of 280130873?
11, 101, 252143
List the prime factors of 2243587529.
17, 7907, 16691
List the prime factors of 114627377.
23, 1049, 4751
What are the prime factors of 2837641630?
2, 5, 283764163
What are the prime factors of 551829689?
941, 586429
What are the prime factors of 130996057?
130996057
List the prime factors of 1598691667.
22247, 71861
What are the prime factors of 181804?
2, 7, 43, 151
List the prime factors of 52751757.
3, 829, 21211
List the prime factors of 154453746.
2, 3, 25742291
List the prime factors of 6792573698.
2, 167, 2269, 8963
What are the prime factors of 331084245?
3, 5, 22072283
List the prime factors of 1007769947.
24133, 41759
What are the prime factors of 613114358?
2, 23, 13328573
List the prime factors of 1466958382.
2, 26251, 27941
What are the prime factors of 278574113?
641, 434593
List the prime factors of 4173385733.
11, 37, 10254019
What are the prime factors of 7252283?
257, 28219
What are the prime factors of 74298267?
3, 8255363
What are the prime factors of 115354165?
5, 43, 536531
List the prime factors of 109223196.
2, 3, 9101933
List the prime factors of 9959741.
11, 379, 2389
List the prime factors of 26976017.
1051, 25667
What are the prime factors of 4908863587?
16417, 299011
List the prime factors of 375731031.
3, 13, 79, 121951
What are the prime factors of 23090681?
19, 1215299
What are the prime factors of 17717967?
3, 656221
What are the prime factors of 416764961?
31, 1229, 10939
What are the prime factors of 814177356?
2, 3, 67848113
List the prime factors of 1476613206.
2, 3, 43, 635923
List the prime factors of 283283185.
5, 56656637
What are the prime factors of 635305559?
7, 1231, 73727
What are the prime factors of 6484316543?
6484316543
What are the prime factors of 162961189?
5023, 32443
List the prime factors of 49159338.
2, 3, 1993, 4111
What are the prime factors of 91358075?
5, 3654323
List the prime factors of 2040468405.
3, 5, 263, 517229
List the prime factors of 130180318.
2, 47, 157, 8821
List the prime factors of 734117081.
734117081
What are the prime factors of 4754524698?
2, 3, 7, 11, 19, 180547
What are the prime factors of 4282728?
2, 3, 178447
What are the prime factors of 496758206?
2, 7, 35482729
List the prime factors of 60382369.
4099, 14731
What are the prime factors of 3798459?
3, 7, 60293
What are the prime factors of 1499919696?
2, 3, 11, 946919
List the prime factors of 4277121.
3, 1425707
What are the prime factors of 1648307301?
3, 17, 32319751
List the prime factors of 19874377.
17, 1169081
What are the prime factors of 467910246?
2, 3, 77985041
List the prime factors of 305679243.
3, 313, 325537
List the prime factors of 114740238.
2, 3, 23, 31, 26821
List the prime factors of 2667161113.
2667161113
List the prime factors of 40870646.
2, 3079, 6637
What are the prime factors of 2733460793?
7, 311, 1255609
List the prime factors of 605670176.
2, 18927193
What are the prime factors of 1769497859?
43, 157, 262109
List the prime factors of 668766236.
2, 149, 1122091
What are the prime factors of 4040250946?
2, 41, 49271353
What are the prime factors of 95204649?
3, 19, 631, 2647
What are the prime factors of 108935796?
2, 3, 17, 533999
List the prime factors of 671636531.
761, 882571
What are the prime factors of 265555163?
265555163
List the prime factors of 4707477121.
4707477121
List the prime factors of 1442956739.
7, 107, 1217, 1583
What are the prime factors of 164373041?
7, 1879, 12497
List the prime factors of 75447593.
13, 5803661
What are the prime factors of 32807623?
19, 757, 2281
What are the prime factors of 845567179?
37, 43, 107, 4967
What are the prime factors of 82148905?
5, 1999, 8219
List the prime factors of 1227945758.
2, 13, 23, 2053421
What are the prime factors of 262111628?
2, 29, 709, 3187
What are the prime factors of 61728579?
3, 11, 623521
What are the prime factors of 2421451560?
2, 3, 5, 11, 1834433
What are the prime factors of 8216617034?
2, 4108308517
List the prime factors of 3168159691.
47, 3917, 17209
List the prime factors of 1639065507.
3, 546355169
List the prime factors of 961406758.
2, 13, 991, 37313
What are the prime factors of 6629792?
2, 13, 15937
List the prime factors of 1420854643.
13, 109296511
List the prime factors of 175189329.
3, 7, 19, 7703
List the prime factors of 886223925.
3, 5, 23, 171251
What are the prime factors of 108635128?
2, 7, 1939913
List the prime factors of 23730485.
5, 53, 149, 601
What are the prime factors of 168547323?
3, 7, 1399, 5737
What are the prime factors of 51582196?
2, 1999, 6451
List the prime factors of 59096996.
2, 7, 59, 83, 431
What are the prime factors of 18959904